 Let f be b*(-1)/4*-90. Let q = 644 + f. Is q a prime number?
True
Let r(n) = 601*n + 101. Is r(26) a composite number?
False
Suppose 53 - 23 = 5*s. Let n be 0 + 0 + 23*(-6)/s. Let k = 98 - n. Is k prime?
False
Let t(b) = 9*b**2 - 4*b - 25. Let j be t(-5). Is 3/(0 - 3) + j prime?
False
Is (74861910/(-495))/((-4)/22) a prime number?
True
Suppose 3*j + 3*n = 110222 - 10205, -j + 2*n = -33339. Is j a prime number?
False
Suppose -5*j = 3*z - 2*z - 23, 4*z = -4*j + 12. Suppose -j*t + 691 = -a, 429 = 50*t - 47*t + 3*a. Is t a composite number?
False
Let k = 27 + -25. Suppose -k*j - 3*j + 20 = 0. Suppose -1842 = -3*g - t, 0*g + j*t = 3*g - 1842. Is g composite?
True
Suppose -2*i - 2*l - 1 - 3 = 0, 2 = 5*i + l. Let f be ((-324)/(-16))/(i/(-4)). Is (-71865)/f - 2/9 a composite number?
False
Is ((-8)/28 - 2*72/(-112)) + 902752 prime?
True
Suppose 0 = 4*n - 0*t + 5*t - 462317, -2*n - 2*t + 231156 = 0. Is n a composite number?
True
Let r = 23084 - -16937. Is r prime?
False
Suppose 0 = -2*p + 117 - 135. Let i be (-46)/(-6)*34*p/6. Let f = 689 + i. Is f prime?
False
Suppose 2*j + 2*p = -382, 5*j - 6*j - 5*p - 183 = 0. Suppose -1205 = -3*u + 3751. Let a = j + u. Is a a composite number?
False
Suppose 419054 = 52*r - 1837278. Is r prime?
True
Suppose -3*z + 15344 = 5*v, 9*v - 4*z - 12288 = 5*v. Let n = v + -1133. Is n a prime number?
False
Suppose 5*t - 30 = 3*w - 184, -5*t = w + 162. Suppose 0 = c - 15 + 11. Is c/t*-4*3622 prime?
True
Suppose 5*f = -4*a - 40, -6 = -2*a + 6*f - 2*f. Let t be (-4)/(-2)*(4 + a/2). Suppose 3*n + 2*n - 4*o = 1269, -t*o = -2*n + 502. Is n a prime number?
True
Suppose 0 = -2*b - b. Suppose 11*n - 6*n - 2215 = b. Let w = n - 232. Is w a prime number?
True
Let a(b) = -65*b - 32. Let w be a(-1). Suppose -35*s = -w*s - 4918. Is s a composite number?
False
Let i = 149879 + 210984. Is i prime?
True
Let z(a) = 287*a**2 + 50*a + 86. Is z(11) prime?
True
Let l(w) = -150 + 32*w + 7*w**2 - 20*w + 219. Is l(32) a composite number?
False
Suppose 15 = 3*o, 4*b + 15698 = 2*o + 82836. Is b a prime number?
True
Suppose -b + 0 = -2. Suppose -b*y + y + 5*y = 0. Is y + (-5)/(-20) - (-203)/4 prime?
False
Suppose -4*l + 4*w = -1317 - 3067, -4*l + 4388 = -5*w. Let r = l + -785. Is r a composite number?
False
Let s(o) = 2*o - 15. Let p be s(9). Suppose -2*z - 3 - p = 0. Is z + -442*(4 + -8) a composite number?
True
Suppose 8*g = -l + 675021, 14*l = -g + 16*l + 84367. Is g composite?
False
Suppose -5*b - 413 = -4*x + 36, b - 235 = -2*x. Let j(g) = 1 - 2 + 5*g + x*g**3 - 5*g**2 - 2*g. Is j(4) prime?
False
Suppose 0 = 5*l + 5 - 20. Suppose -12*b + 21*b = 1926. Let v = b - l. Is v prime?
True
Suppose 2*h = 5*h. Suppose h = -2*l - 2218 + 13332. Is l prime?
True
Suppose d = -4*d + 74405. Let w = -10228 + d. Suppose l + w = 5*a - l, -1874 = -2*a + 4*l. Is a composite?
False
Suppose 0 = k - 3*k - 8. Let m be (-1)/k - (-616)/(-32). Is (-2)/((-4)/187)*(m + 21) composite?
True
Suppose 660 = t + 2*t. Let y be 2*(t + 3 + -5). Is (66/44)/(6/y - 0) prime?
True
Let s be 2/(-2)*(-47 + -3366). Suppose 2*x + 12 = 2, s = o + 4*x. Is o composite?
False
Let n be (-9)/(-5) - 5/(-25). Suppose 0 = -n*i - 3*l - 107, i + i - l + 103 = 0. Is (-2)/13 + (-19404)/i a prime number?
True
Suppose 1796 = -3*h + 1784. Is (5/(-20)*h)/((-5)/(-32995)) a composite number?
False
Suppose 5*i + 1509735 = -0*i. Is (-1)/8 - i/24 prime?
False
Is (3 - 2 - -55292)*1 + (-35 - -33) a composite number?
False
Let c be (0 + 0)*(-20)/40. Suppose 6 = -2*a + 2, c = 5*h - 5*a. Is 594 + (5 + -3)/h a prime number?
True
Suppose 3*p - 2*x = 16013, 4*x - 16025 = -3*p - 0*x. Suppose s = -4*s + 3*j + 26656, 0 = s + 2*j - p. Is s a composite number?
False
Suppose 2*x = -u + 35, 6*u = u + 4*x + 133. Let p(v) = -3*v - 1 + u*v + 109*v. Is p(1) prime?
False
Suppose -m + 4009 = 543. Suppose -9*n = -5*n - 12. Suppose m = n*l + 835. Is l a composite number?
False
Let v(g) = 4*g - 10. Let f be v(6). Let o be ((-8)/(-28))/(30/f + -2). Suppose -2*b = o*b - 4396. Is b prime?
False
Let r(i) = 93*i**2 + 4*i + 4. Suppose -3*y + 39 - 9 = 0. Suppose 5*u = -y + 25. Is r(u) composite?
False
Suppose 124*h - 59*h - 70*h = 0. Suppose l - 2*i - 4314 = h, 5*l + 0*i + 5*i - 21510 = 0. Is l a prime number?
False
Suppose 0 = 4*h - 3*x + 666, h + 2*x = 6*h + 836. Is 1 - ((-205334)/7 - (-96)/h) a prime number?
False
Let o be (-2)/((-2)/(-39))*-1 + 3. Let j = -43 + o. Is ((-16590)/(-45))/((-10)/(-6) + j) prime?
False
Suppose 61*u = 41*u + 1762840. Is u prime?
False
Is -554444*179/1790*(-2 + 2/(-4)) a composite number?
True
Suppose -22*n = -30*n + 96824. Let h = n + -2350. Is h composite?
True
Let n(b) = -3086*b - 5 + 67*b**2 + 1555*b + 1528*b. Suppose -y + 10 = 2*y - 5*k, -5*y - 2*k + 27 = 0. Is n(y) composite?
True
Let x(g) = 272*g + 9. Suppose t + c - 50 = 0, -3*t - 4*c = -0*c - 151. Let z = t + -47. Is x(z) prime?
False
Suppose -7*o + 13 + 15 = 0. Suppose -5*a = -n + 782, -o*a = -5*n - 239 + 4044. Is n composite?
False
Let q be -35*(-4 + -21) - 3. Suppose 5*c + 248 = m, 4*m - q = -5*c - 5. Is m prime?
True
Suppose -620914 = 250*k - 264*k. Is k composite?
False
Suppose -586488 = -4*c + 4*k, -c = k - 27886 - 118734. Is c prime?
False
Suppose 11 = 5*m + 1, -3*h + m = -7. Let i = -2070 - -4027. Suppose -3*l - i = -z - h*z, 484 = z + l. Is z prime?
True
Let y be (-4)/6 - 4930/3. Suppose -78*r + 68*r = 0. Is 2/((-8)/y) - r - -2 composite?
True
Let h = 3622 - 1391. Suppose 8714 - h = 3*g. Is g a prime number?
True
Let o = 112707 + -48720. Suppose -28561 = -2*w + 5*i, 0 = -5*w + 4*i + 7390 + o. Is w a prime number?
False
Let u(d) = 2*d**2 - 20*d + 114. Let j be u(40). Suppose 0 = 4*w + 5*l - j, -14*l - 3157 = -5*w - 13*l. Is w a composite number?
False
Let p(y) be the first derivative of -6*y + 127/2*y**2 - 5. Is p(11) composite?
True
Let z = 2 + -5. Let t(a) = 2*a**3 + 9*a**2 + 5*a - 9. Let m(k) = 5*k**3 + 20*k**2 + 11*k - 20. Let r(u) = -4*m(u) + 9*t(u). Is r(z) a prime number?
True
Let s be (0 + -1)*(-2)/(-2)*-10007. Let p = 16182 - s. Suppose 272 = 3*b - p. Is b composite?
True
Let h be 12*(-1 - (-5)/4). Suppose -3*d = h*i - 82285 - 4862, -145261 = -5*i - d. Is i composite?
True
Let b(y) = y**3 - 56*y**2 - 64*y - 117. Is b(64) composite?
True
Let x(z) = 31*z**2 + 23*z + 370. Let a be x(-14). Let r = a + 15577. Is r a prime number?
True
Let h(c) = 47*c**2 + 52*c + 45 - 27*c - 15*c. Is h(-8) composite?
True
Let h(y) = -y**2 - 2*y + 16. Let m be h(4). Let x be (m/(-14))/((-9)/(-63)). Suppose 2*n = x*q + q + 577, 0 = 4*n + 3*q - 1219. Is n composite?
True
Let f be (-5 - 40/(-5)) + -2 + 1. Let h be ((-3)/(-7))/(f + (-26)/14). Is (-5810 + -1)*(-1)/h prime?
False
Let t(n) be the first derivative of 125*n**3/3 + 3*n**2/2 - 27*n - 24. Is t(11) prime?
True
Let g(b) = 321*b**2 + 145*b - 1733. Is g(12) composite?
True
Let j(z) = -3*z**2 - 6*z + 5. Let q be j(1). Is -5*((-3 - q)*-714 - -5) composite?
True
Suppose 0 = v - 4*u - 1901, 4*u - 3*u + 1895 = v. Let a = v + 1046. Is a prime?
True
Let w be -1 + 2 - (21152 + (7 - 11)). Let c be w/(-28) + 1/(-4). Suppose -6*v + 751 = -c. Is v a prime number?
True
Suppose 6*d + 62 = 74. Is d/(-8) - (-541368)/96 composite?
False
Let h(t) = -5*t**2 + 2. Let y be h(-1). Is (y - (-469)/(-14))/((-2)/44) a composite number?
True
Suppose 4*q = 3*x + 2 + 14, 3*q - 12 = 2*x. Suppose 5*z + q*l - 3615 = 0, -1733 = -4*z + 5*l + 1118. Is z composite?
False
Suppose 4287*j = 4286*j + 15791. Is j composite?
False
Suppose 6*h + 8*b - 5*b = 1380591, 0 = -4*h + b + 920409. Is h composite?
False
Suppose -126 = 7*i - 154. Suppose 5*l = i*w - 35783, 0*l + 4 = 4*l. Is w composite?
True
Let p(o) = -o**2 + 15*o + 14. Let m be p(13). Suppose 0 = 5*z + 5*h - m, 4*z - 5 + 0 = 5*h. Suppose -3*i + z*i - 317 = q, -4*q = -4. Is i a composite number?
True
Is (((-12517)/(-9))/1)/(1/9) prime?
True
Let j = 32354 + -13124. Suppose 0 = 3*g + 5*x - j - 3214, 3*g = 5*x + 22454. Is g prime?
False
Let f(c) = -c**3 - 8*c**2 - 8*c + 13. Let t(j) = -j**3 + 15*j**2 - j + 20. Let n be t(15). Let s(l) = l - 15. Let o be s(n). Is f(o) composite?
False
Suppose -110 = 23*k - 28*k. Suppose -12*h = -98 - k. Is h/(-45) + (-12183)/(-27) prime?
False
Let t be 2/(880/(-876) - -1) - 4. Let d = 835 + t. Is d prime?
False
Suppose -b = 0, 2*s - 3896 = -2*s - 3*b. Suppose 6384 =